 + 1. Give m(3).
7
Let p(a) = a**2 + 28*a - 16. Determine p(-11).
-203
Let q(w) = -w**3 - 6*w**2 + 17*w + 11. Determine q(-8).
3
Let d(m) = -4*m - 14. Give d(-4).
2
Let c(a) = -12*a + 13. Determine c(8).
-83
Let c(p) = -p**3 + 5*p**2 - p - 7. Calculate c(4).
5
Let u(a) = 4*a**2 + 2*a - 2. What is u(-2)?
10
Let n(f) = -2*f - 12. Calculate n(3).
-18
Let w(y) = y**3 - 26*y**2 + y - 41. What is w(26)?
-15
Let d(n) = 2*n**2 + 44*n - 50. What is d(-23)?
-4
Let g(m) = -m**3 + 8*m**2 - 7*m + 4. Determine g(5).
44
Let n(x) = x**2 + 18*x - 44. What is n(-24)?
100
Let g(m) = m**2 - 6*m - 7. Give g(5).
-12
Let n(b) = 2*b**2 - 16*b + 29. Give n(2).
5
Let h(w) = w**3 - 24*w**2 + 3*w - 61. Determine h(24).
11
Let o(b) = 12*b + 3. Give o(-6).
-69
Let y(f) = f**2 + 22*f + 35. Calculate y(-14).
-77
Let p(w) = -17*w + 1. Determine p(-1).
18
Let f(s) = -119*s + 846. What is f(7)?
13
Let j(y) = -19*y + 96. Determine j(5).
1
Let v(n) = n**2 + 5*n + 1. Determine v(-4).
-3
Let a(x) = -x - 3. Give a(-1).
-2
Let v(b) = 18*b - 29. Calculate v(2).
7
Let u(o) = o - 27. What is u(0)?
-27
Let p(k) = 224*k + 1121. Determine p(-5).
1
Let t(h) = 5*h**2 - 1. Calculate t(-1).
4
Let i(r) = -r**3 + 9*r**2 + r - 8. Calculate i(9).
1
Let p(w) = w**2 + 14*w + 18. Calculate p(-13).
5
Let w(x) = -24*x**2 - 576*x - 5. What is w(-24)?
-5
Let b(t) = -16*t**2 - 4*t - 6. Determine b(-3).
-138
Let z(x) = -2*x**3 + 28*x**2 + 5. Give z(14).
5
Let c(i) = i**3 + 4*i**2 + 5*i + 12. What is c(-4)?
-8
Let c(s) = s**3 - 7*s**2 + s + 15. What is c(6)?
-15
Let q(w) = -10*w + 28. Calculate q(7).
-42
Let c(n) = -n**2 - 86*n - 1766. Determine c(-34).
2
Let a(j) = 4*j + 55. Determine a(-10).
15
Let d(g) = -g**3 + 19*g**2 + 2*g - 38. Calculate d(19).
0
Let z(y) = -10*y + 8. Calculate z(5).
-42
Let f(b) = b**2 - 12*b + 1. What is f(11)?
-10
Let z(u) = u**3 + 2*u**2 + 4. Calculate z(-2).
4
Let f(p) = -19*p + 391. Give f(20).
11
Let b(a) = 8*a + 14. Calculate b(-5).
-26
Let s(d) = -100*d - 205. Give s(-2).
-5
Let h(o) = 55*o**2 - o + 1. Give h(1).
55
Let t(d) = -17*d**2 - 4*d + 8. What is t(2)?
-68
Let m(j) = j**2 + 33*j + 110. Calculate m(-29).
-6
Let k(v) = -v - 13. Give k(-6).
-7
Let y(w) = 6*w - 5. Give y(7).
37
Let y(o) = o**3 + 5*o**2 - 7*o - 6. What is y(-7)?
-55
Let b(r) = 2*r**3 - 12*r**2 + 8*r + 2. Calculate b(5).
-8
Let h(c) = c**2 + 6*c + 2. Calculate h(-2).
-6
Let f(t) = -t**3 + 3*t**2 + 5*t - 13. Determine f(3).
2
Let j(v) = 2*v**2 + 8*v - 6. Give j(-6).
18
Let g(w) = w**3 - 21*w**2 - 9. Give g(21).
-9
Let f(o) = -o**3 + 2*o**2 + 12*o. Give f(5).
-15
Let o(x) = -x**2 - 12*x + 24. What is o(-12)?
24
Let o(y) = -y**2 + 9*y - 18. Give o(9).
-18
Let k(p) = p**3 - 23*p**2 - 22*p - 45. Determine k(24).
3
Let n(i) = i**2 - 12*i - 1. Calculate n(12).
-1
Let w(y) = -y**2 + 10*y - 10. Give w(8).
6
Let r(n) = -n - 23. What is r(-6)?
-17
Let o(y) = 5*y - 3. Determine o(3).
12
Let y(c) = 23*c - 16. What is y(-2)?
-62
Let x(v) = v**3 + 8*v**2 + 2*v + 16. Determine x(-7).
51
Let b(t) = t**2 + 10*t + 1. What is b(-8)?
-15
Let h(r) = -2*r - 44. What is h(-6)?
-32
Let g(x) = x**3 - 3*x**2 + x + 6. What is g(3)?
9
Let j(t) = -t**3 - 4*t**2 - t + 3. What is j(-3)?
-3
Let x(f) = -f**2 - 5*f + 8. Calculate x(-7).
-6
Let d(c) = -c**3 + 55*c**2 - 52*c - 113. Determine d(54).
-5
Let h(g) = -g**2 + 5*g + 7. Calculate h(7).
-7
Let m(r) = r**3 + 2*r**2 - 8*r - 12. What is m(-3)?
3
Let m(j) = -2*j**3 - 14*j**2 - 2*j + 2. Give m(-7).
16
Let s(h) = -h**3 + 2*h**2 + 7. What is s(0)?
7
Let n(u) = 4*u**3 - 3*u**2 + u. Calculate n(2).
22
Let u(z) = -10*z - 9. Calculate u(-6).
51
Let i(z) = z**2 - 7*z - 9. Give i(12).
51
Let r(k) = k**2 + 15*k + 5. What is r(-15)?
5
Let a(g) = g**2 + 2*g + 67. Give a(0).
67
Let c(w) = -40*w + 2000. Calculate c(50).
0
Let z(g) = g**2 + 3*g - 2. Calculate z(-5).
8
Let d(i) = -2*i**2 + 14*i - 1. What is d(9)?
-37
Let q(u) = 16*u + 64. Calculate q(-6).
-32
Let y(q) = 5*q + 40. Determine y(-3).
25
Let f(c) = -c**2 - 2*c. Calculate f(-2).
0
Let k(s) = s**3 - 9*s**2 + 11*s - 11. Give k(8).
13
Let j(p) = 9*p + 149. Give j(-18).
-13
Let w(y) = -7*y + 10. Give w(1).
3
Let d(f) = 3*f + 2. Calculate d(2).
8
Let h(f) = -4*f - 18. Calculate h(-6).
6
Let d(b) = -b - 3. Calculate d(13).
-16
Let h(r) = -r**2 - 3*r - 2. Determine h(-4).
-6
Let x(i) = i**3 - 54*i**2 + 55*i - 102. What is x(53)?
4
Let b(r) = r**3 - 12*r**2 - 4*r + 14. Determine b(12).
-34
Let x(q) = 26*q - 2. Give x(1).
24
Let d(p) = -p - 32. Give d(22).
-54
Let u(m) = -m**3 + 8*m**2 - 4*m - 11. Calculate u(8).
-43
Let r(g) = g + 23. Determine r(-7).
16
Let m(c) = -c**3 - 13*c**2 - 8*c + 16. Give m(-12).
-32
Let c(v) = -11*v - 255. Determine c(-21).
-24
Let n(u) = u**2 + 17*u - 4. What is n(-17)?
-4
Let h(g) = -g**2 - 16*g - 3. What is h(-8)?
61
Let c(w) = -2*w - 31. Give c(-15).
-1
Let f(h) = -2*h + 21. Calculate f(23).
-25
Let k(s) = 42*s**3 - 2*s**2 - s. Calculate k(-1).
-43
Let t(p) = -p + 15. What is t(0)?
15
Let z(r) = 4*r**3 + 16*r**2 + 4*r + 4. What is z(-3)?
28
Let s(l) = 16*l - 28. Give s(6).
68
Let j(y) = y**3 - 8*y**2 - 31*y - 7. Calculate j(11).
15
Let d(a) = 9*a - 17. Give d(8).
55
Let s(c) = -c - 13. Give s(-6).
-7
Let g(m) = -2*m**2 - m - 6. Give g(-5).
-51
Let w(m) = 5*m + 41. Calculate w(-7).
6
Let d(l) = 4*l - 57. Determine d(12).
-9
Let a(l) = 10*l**2 - 19*l + 4. Give a(2).
6
Let o(v) = -4*v**2 + 30*v + 11. Give o(10).
-89
Let p(f) = f**2 + 13*f + 12. Determine p(-10).
-18
Let t(i) = 2*i**2 - 9*i - 38. Calculate t(-3).
7
Let k(g) = -9*g**2 + 2*g + 2. Determine k(-1).
-9
Let t(j) = 10*j**3 - j - 2. Calculate t(-1).
-11
Let b(h) = -h**2 - 10*h + 61. Determine b(8).
-83
Let l(g) = 4*g**2 + 20*g + 25. Calculate l(-4).
9
Let a(z) = 80*z**2 - z - 2. Calculate a(-1).
79
Let m(q) = -10*q + 53. Give m(6).
-7
Let f(i) = 82*i**3 - 3*i**2 - 4*i - 3. Calculate f(-1).
-84
Let w(s) = -s**3 - 10*s**2 - 13. What is w(-10)?
-13
Let v(u) = -3*u + 8. Give v(-6).
26
Let o(k) = k**2 - 6*k + 4. What is o(9)?
31
Let c(l) = -l**3 - 5*l**2 + l - 22. Determine c(-6).
8
Let j(x) = -x**3 + 10*x**2 + 11*x + 23. Give j(11).
23
Let z(k) = -2*k**3 - 4*k**2 - 2*k + 2. What is z(-2)?
6
Let w(m) = m**2 - m - 2. Determine w(-1).
0
Let w(q) = -q**3 + 13*q**2 + q - 19. Determine w(13).
-6
Let v(m) = 21*m**3 - m. Determine v(1).
20
Let x(f) = -f**3 - 13*f**2 - 15*f - 59. Determine x(-13).
136
Let m(y) = y**2 + 16*y - 27. What is m(-17)?
-10
Let p(o) = 3*o**3 - o**2 + 3*o - 2. Give p(2).
24
Let h(c) = -c + 5. Give h(1).
4
Let o(n) = -n**3 + 4*n. Determine o(3).
-15
Let c(o) = -8*o + 56. Give c(4).
24
Let v(u) = 3*u - 30. Calculate v(12).
6
Let j(u) = u**2 - 7*u - 18. Give j(10).
12
Let t(i) = -8*i - 28. What is t(16)?
-156
Let k(h) = -h**3 + 19*h**2 - 3*h + 25. What is k(19)?
-32
Let t(k) = -k**2 + 6*k - 6. Determine t(7).
-13
Let x(v) = 2*v**2 - 18*v - 84. Give x(12).
-12
Let b(n) = n**3 - 7*n**2 - 5. Determine b(5).
-55
Let l(q) = -16*q - 123. Determine l(-9).
21
Let l(o) = -11*o + 68. Give l(7).
-9
Let g(y) = -y**3 + 2*y - 7. Calculate g(-3).
14
Let q(d) = 13*d + 264. Determine q(-20).
4
Let v(y) = -3*y + 86. Determine v(13).
47
Let b(o) = -o**2 - 6*o + 6. Determine b(-6).
6
Let q(w) = w**3 + 28*w**2 - 28*w + 23. Determine q(-29).
-6
Let l(d) = -d + 16. Calculate l(12).
4
Let z(k) = 2*k - 1. Calculate z(5).
9
Let c(p) = -p**3 - 6*p**2 + 5*p - 16. Calculate c(-7).
-2
Let x(o) = -o**2 - o + 1. Calculate x(0).
1
Let x(v) = v**2 + 11*v + 11. Calculate x(-10).
1
Let k(i) = i**2 + 7*i + 6. Give k(-8).
14
Let n(g) = 3*g**3 + 3*g + 3. Give n(2).
33
Let u(d) = d**2 + 18*d - 21. Calculate u(-19).
-2
Let i(b) = b**2 + 13*b + 11. What is i(-4)?
-25
Let q(y) = y**3 - 6*y**2 + 2*y - 1. Determine q(6).
11
Let z(r) = r**2 - r - 3. Determine z(7).
39
Let l(p) = 3*p**3 + 3*p**2 + 2*p + 4. Give l(-2).
-12
Let p(z) = -z**2 + 10*z + 16. Calculate p(11).
5
Let b(i) = 11*i**2. Give b(2).
44
Let k(v) = 5*v**2 - 26*v - 19. Calculate k(6).
5
Let l(f) = -68*f + 17. Give l(2).
-119
Let q(w) = -w**2 + 6*w + 1. What is q(8)?
-15
Let h(x) = -x**3 + 6*x**2 + 15*x + 11. What is h(8)?
3
Let x(n) = -n**2 + 11*n - 15. Give x(3).
9
Let l(p) = p + 69. What is l(4)?
73
Let y(z) = -3*z + 25. Determine y(7).
4
Let q(p) = 16*p**3 + p**2 - 2*p + 1. Calculate q(1).
16
Let c(v) = -179*v - 890. Determine c(-